 What is the greatest common divisor of n and s?
1
Let s be ((-14)/(-4))/((-931)/(-1064)). Suppose 2*g + 1 = -1. Let x be -2*(g - -17)/(-1). Calculate the greatest common factor of s and x.
4
Let h be 35/14*(-16)/(-10). Let d be (h/2 + 5)*(-540)/(-14). Suppose 0 = -13*m + 7*m + d. Calculate the greatest common divisor of 30 and m.
15
Let l(v) = -23*v + 179. Let q be l(19). Suppose -2*p - w + 744 = w, 4*p - 5*w = 1515. Let u = q + p. What is the greatest common divisor of u and 78?
39
Let x = 8875 + -6091. What is the highest common divisor of x and 288?
96
Let z = -15 + 17. Let k(j) = j**2 + 25*j + 26. Let p be k(-24). Suppose -6*w - 2*r = -p*w - 170, w + z*r = 38. What is the highest common factor of 110 and w?
22
Suppose 15*z - 31*z + 77922 = 2*z. What is the greatest common factor of z and 117?
117
Let w(b) = -7*b + 414. Let t be w(58). What is the greatest common divisor of t and 4832?
8
Let x(a) = -27*a**2 + a + 1. Suppose -4*k = -3*w + 1, 0 = -4*w + 4*k + 1 + 3. Let s be x(w). Let q = s - -404. What is the highest common factor of q and 15?
15
Let g(a) = 6*a**3 + a**2 - 370*a + 2230. Let c be g(6). What is the highest common divisor of c and 418?
22
Suppose -6494 - 4996 = -30*c. Calculate the highest common factor of c and 3.
1
Suppose -5*m = -4*p + 640, 30*m - 800 = -5*p + 31*m. Calculate the greatest common divisor of p and 56.
8
Let j(l) = -3*l + 107. Let b(f) = 16*f - 534. Let x(p) = 2*b(p) + 11*j(p). Let k be x(-39). What is the greatest common divisor of 8 and k?
4
Let h be 268/4 + (8 - 14 - 3/(-3)). Calculate the highest common factor of h and 2573.
31
Suppose 2*z = 3*j - 301, 4 = -j - z + 106. What is the greatest common divisor of j and 2727?
101
Let l = 101304 - 101277. Let g = -8 + 14. Calculate the highest common divisor of l and g.
3
Let y = -37 - -38. Let m(b) = -b**2 - 17*b + 47. Let t be m(-19). What is the greatest common divisor of t and y?
1
Suppose 4*l = 5*l - 2*y - 507, 16 = -4*y. Let z = 515 - l. Calculate the greatest common divisor of 128 and z.
16
Let j(h) = -h**3 + 3*h**2 - 4*h + 13. Let m be j(3). Let u be m*3 - (22 + -477). Let a = -243 + u. What is the greatest common divisor of a and 43?
43
Suppose -2*x + 4*r = -121 - 83, 5*r + 111 = x. Let f = 72 - x. Let n = 64 + f. What is the highest common divisor of 16 and n?
8
Suppose -341*w = -3357 - 394. Calculate the highest common factor of 72677 and w.
11
Let p be (7 - (-1938)/(-12))/((-2)/8). Suppose 38*k = p + 2422. What is the highest common factor of 32 and k?
16
Let j be (-6)/(((-389)/39 - -5) + 5). Let g = -221 - j. Calculate the greatest common divisor of 338 and g.
13
Let s = 9 + -3. Suppose 4*w = -w + 5*t - 10, 5*w - t + 26 = 0. Let r be -3*(-3)/w*-4. Calculate the greatest common divisor of r and s.
6
Let d = 12858 + -12690. What is the highest common factor of d and 60?
12
Suppose 17*n - 4 = 15*n, 0 = -g + 2*n + 100. What is the highest common divisor of g and 4264?
104
Let c = -857 - -369. Let b = c - -151. Let u be b/(-5) + 15/25. What is the highest common factor of 17 and u?
17
Let v = 11925 + -11805. What is the greatest common divisor of v and 152?
8
Let y be 13102 + 9 - (-5 - -3). What is the greatest common divisor of 31 and y?
31
Let p(i) = -9*i + 277. Let j be p(-14). What is the highest common factor of j and 13?
13
Suppose -77*x + 6720 = -502*x + 305920. What is the highest common factor of x and 121?
11
Suppose -244 = 2*o - 2*p, -5*p + 612 = -5*o - p. Let z = o - -137. What is the highest common divisor of z and 26?
13
Let k be ((-16)/10*(-1113)/(-212))/(6/(-2380)). What is the highest common divisor of k and 204?
68
Suppose 19*f + 8 = -30. Let a be f/(-3) - (-336)/9*4. Calculate the greatest common divisor of a and 100.
50
Suppose -2*v = 17*v - 931. Suppose v = 16*u - 31. Calculate the greatest common divisor of u and 135.
5
Let w be -3 - ((3 - 1) + -3). Let f = -17 - w. Let h(j) = -j**2 - 15*j + 17. Let d be h(f). What is the greatest common divisor of 51 and d?
17
Let d(t) = -12013*t**3 + 31*t**2 + 29*t - 3. Let q be d(-1). What is the greatest common divisor of q and 44?
44
Suppose 17*b - 155 = 100. Let g = 29 - b. Let m be (-7)/(g/4) - -19. Calculate the highest common factor of m and 17.
17
Let h = 106 + -90. Suppose 96 = -6*b - 126. Let z = b + 77. What is the greatest common factor of z and h?
8
Suppose 197 = -5*p + 3*q + 744, q = -3*p + 331. Let r be (p + 4)/(1 + 2 + -1). Let c = 80 - r. Calculate the highest common factor of 46 and c.
23
Let r(a) = -701*a**3 + 308*a**2 + 309*a + 2. Let i be r(-1). What is the greatest common factor of 918 and i?
54
Suppose 0 = -4*k + 6*o - 4*o + 228, 0 = -2*k - 4*o + 134. Suppose 5*n = k - 24. Suppose n*i = -0*i + 63. What is the highest common factor of i and 45?
9
Let k = -43 + 46. Let b = 1 - k. Let i(w) = 2*w**2 + 2*w + 6. Let q be i(b). Calculate the highest common factor of 10 and q.
10
Let d be 286/(-1430)*(-54 + -1). Calculate the highest common divisor of d and 4829.
11
Suppose 3*v - 2*m - 173 - 280 = 0, 5*v = 5*m + 750. What is the highest common factor of v and 2091?
51
Let o be (11 + 35/(-15))*96*1/1. What is the greatest common divisor of 91 and o?
13
Let f be 2/(-4)*2/3*-24. Suppose 2*a = 6*a - 20. Suppose 0 = 3*t - a*t + f. Calculate the highest common divisor of t and 8.
4
Suppose m - 43 = 44. Suppose 479 = 4*o - 5*d, 4*o - 1154 = -6*o - 2*d. What is the highest common divisor of m and o?
29
Let a be (836/(-152))/(1/2) + 107. Let o(m) = -4*m**3 + 2*m**2 + m - 3. Let i be o(-3). Calculate the greatest common divisor of a and i.
24
Let y be (12/(-8))/((-15)/(-40)). Let s = 37 - y. Calculate the highest common factor of 82 and s.
41
Let h be (-2688)/120 + 22 - 714/(-10). What is the greatest common divisor of h and 2627?
71
Let w be 981/11 - (0 + 2/11). Let z = w + -81. Suppose 48 = -6*g + z*g. What is the greatest common divisor of g and 16?
8
Let x = -95 + 6. Let b = x + 153. What is the highest common factor of b and 16?
16
Let g(l) = l**2 + 22*l - 98. Let z be g(-26). Let b be 280/z + ((-208)/(-12))/13. Calculate the greatest common factor of b and 408.
24
Let c be (-7)/(147/(-2160))*7. Suppose c = 5*h + 13*h. Calculate the greatest common divisor of 50 and h.
10
Let g = 34 + -32. Let p be g/(-4)*1872/(-39). What is the greatest common factor of p and 296?
8
Let k = 11 - 7. Let r = -2372 + 2377. Suppose -3*d + r = -k. What is the greatest common factor of d and 12?
3
Let r(a) = -56*a - 987. Let f be r(-20). Calculate the greatest common factor of f and 357.
7
Let o be 2/((-10)/(-15)) + 27. Suppose -o = -3*s - 3*s. Suppose -2*c = s*u - 202, c + c = 2. Calculate the highest common factor of u and 60.
20
Let p = -2935 - -2985. What is the highest common factor of 125 and p?
25
Suppose -q = -a - 4, -a = -q + a + 6. Suppose o + 4*n - 60 = -390, 0 = -2*o + n - 696. Let p = 376 + o. What is the greatest common divisor of q and p?
2
Suppose -z + 730 = -5*h, 5*z = 3*z - h + 1427. Let m be ((-8 - -1178)/(-9))/(10/(3 + -8)). What is the highest common factor of m and z?
65
Let y be (-42)/35*120/(-18) + (-1768)/(-2). Calculate the greatest common factor of y and 64.
4
Let i = 2310 - 1755. What is the highest common factor of 120 and i?
15
Suppose 33*c - 84 = -3*w, -3*w = 2*w - 30. What is the greatest common factor of 5366 and c?
2
Suppose 4*g + 2232 = 5*d, 21*g - 25*g - 1344 = -3*d. Calculate the greatest common divisor of d and 1184.
148
Let j = 18 - -2. Suppose 2*h - 102 = -h - 3*g, -3*g = 4*h - 133. Suppose 0 = -s - h + 91. Calculate the highest common divisor of j and s.
20
Let r = 28781 - 28619. Calculate the greatest common factor of 498 and r.
6
Let t(g) = 16*g + 6. Let s be t(2). Let u = 7 + s. Suppose 3*k - v + 22 = 113, 0 = -3*k - 3*v + 87. Calculate the highest common divisor of u and k.
15
Let i = -186 - -198. Let z be 336 + i + 1 + -1. What is the greatest common divisor of 12 and z?
12
Suppose 18*y = 17*y + 5*z + 410, y - 398 = 2*z. What is the greatest common divisor of y and 150?
30
Suppose -5*r - x + 1821 = 0, -5*r + 12*x + 1817 = 9*x. What is the highest common divisor of 70 and r?
14
Let h be (-504)/70*140/(-7). What is the highest common factor of h and 3096?
72
Let s = -20 + 23. Suppose 0 = 5*l + 4*o - 1245, -2*l + 2*o - s*o + 495 = 0. Let j = 553 - l. Calculate th